hat is the remainder when 14111 is divided by 126?
125
What is the remainder when 1970301 is divided by 32?
29
What is the remainder when 209897 is divided by 77?
72
What is the remainder when 8741 is divided by 2733?
542
What is the remainder when 7106 is divided by 889?
883
Calculate the remainder when 5757 is divided by 12.
9
Calculate the remainder when 6540 is divided by 31.
30
What is the remainder when 11044 is divided by 655?
564
Calculate the remainder when 29351 is divided by 162.
29
Calculate the remainder when 10894 is divided by 1554.
16
Calculate the remainder when 877 is divided by 686.
191
Calculate the remainder when 92850 is divided by 4.
2
Calculate the remainder when 48910 is divided by 210.
190
What is the remainder when 181194 is divided by 217?
216
Calculate the remainder when 29588 is divided by 289.
110
Calculate the remainder when 18387 is divided by 2297.
11
Calculate the remainder when 357545 is divided by 3280.
25
What is the remainder when 56135 is divided by 515?
0
What is the remainder when 15951 is divided by 409?
0
What is the remainder when 1327 is divided by 232?
167
Calculate the remainder when 20633 is divided by 38.
37
What is the remainder when 2491 is divided by 249?
1
Calculate the remainder when 53 is divided by 24.
5
Calculate the remainder when 2816 is divided by 489.
371
Calculate the remainder when 402238 is divided by 480.
478
What is the remainder when 9924 is divided by 1185?
444
Calculate the remainder when 148105 is divided by 74006.
93
Calculate the remainder when 1368500 is divided by 479.
476
Calculate the remainder when 3909 is divided by 656.
629
Calculate the remainder when 35855 is divided by 8960.
15
What is the remainder when 207896 is divided by 44?
40
Calculate the remainder when 58337 is divided by 41.
35
Calculate the remainder when 5142 is divided by 1582.
396
Calculate the remainder when 6005 is divided by 42.
41
Calculate the remainder when 58181 is divided by 654.
629
Calculate the remainder when 10704 is divided by 41.
3
Calculate the remainder when 4700 is divided by 48.
44
What is the remainder when 17640 is divided by 102?
96
What is the remainder when 933 is divided by 233?
1
Calculate the remainder when 1114604 is divided by 126.
8
What is the remainder when 3042 is divided by 234?
0
Calculate the remainder when 1308 is divided by 93.
6
What is the remainder when 42172 is divided by 3833?
9
What is the remainder when 204018 is divided by 40801?
13
What is the remainder when 240336 is divided by 305?
301
Calculate the remainder when 16750 is divided by 187.
107
What is the remainder when 26921 is divided by 749?
706
What is the remainder when 1159 is divided by 48?
7
Calculate the remainder when 920 is divided by 299.
23
What is the remainder when 94837 is divided by 303?
301
Calculate the remainder when 2409 is divided by 722.
243
What is the remainder when 1137 is divided by 411?
315
Calculate the remainder when 28751 is divided by 599.
598
What is the remainder when 705494 is divided by 166?
160
What is the remainder when 2196 is divided by 29?
21
Calculate the remainder when 97196 is divided by 37.
34
Calculate the remainder when 106646 is divided by 155.
6
What is the remainder when 12210 is divided by 62?
58
What is the remainder when 72462 is divided by 18097?
74
Calculate the remainder when 4155 is divided by 321.
303
What is the remainder when 7914 is divided by 228?
162
Calculate the remainder when 891 is divided by 291.
18
What is the remainder when 1104 is divided by 7?
5
Calculate the remainder when 2591 is divided by 415.
101
Calculate the remainder when 72123 is divided by 98.
93
Calculate the remainder when 40754 is divided by 2.
0
Calculate the remainder when 26375 is divided by 27.
23
Calculate the remainder when 14203 is divided by 98.
91
What is the remainder when 1680058 is divided by 629?
628
What is the remainder when 1491 is divided by 1434?
57
What is the remainder when 253701 is divided by 181?
120
Calculate the remainder when 160243 is divided by 14.
13
What is the remainder when 381 is divided by 70?
31
Calculate the remainder when 12663 is divided by 603.
0
Calculate the remainder when 14245 is divided by 493.
441
Calculate the remainder when 81294 is divided by 229.
228
Calculate the remainder when 7343 is divided by 1833.
11
Calculate the remainder when 2792 is divided by 100.
92
Calculate the remainder when 1054624 is divided by 822.
820
What is the remainder when 92248 is divided by 30743?
19
What is the remainder when 287113 is divided by 39?
34
What is the remainder when 181801 is divided by 302?
299
What is the remainder when 3088 is divided by 2690?
398
Calculate the remainder when 122730 is divided by 61327.
76
Calculate the remainder when 3237 is divided by 639.
42
Calculate the remainder when 9516 is divided by 4671.
174
Calculate the remainder when 36939 is divided by 293.
21
Calculate the remainder when 37854 is divided by 4206.
0
Calculate the remainder when 39289 is divided by 74.
69
What is the remainder when 16272 is divided by 525?
522
Calculate the remainder when 425117 is divided by 17.
15
Calculate the remainder when 4537663 is divided by 103.
101
What is the remainder when 51189 is divided by 177?
36
Calculate the remainder when 504 is divided by 344.
160
Calculate the remainder when 4503 is divided by 115.
18
Calculate the remainder when 32068 is divided by 2278.
176
What is the remainder when 9980 is divided by 837?
773
What is the remainder when 25617 is divided by 70?
67
What is the remainder when 118159 is divided by 528?
415
What is the remainder when 428 is divided by 117?
77
Calculate the remainder when 122140 is divided by 85.
80
Calculate the remainder when 1397196 is divided by 560.
556
What is the remainder when 9033 is divided by 19?
8
Calculate the remainder when 15655 is divided by 391.
15
What is the remainder when 80009 is divided by 5000?
9
Calculate the remainder when 19154 is divided by 3186.
38
What is the remainder when 2291 is divided by 70?
51
What is the remainder when 160789 is divided by 200?
189
Calculate the remainder when 13513 is divided by 26.
19
Calculate the remainder when 923465 is divided by 307821.
2
What is the remainder when 190078 is divided by 67?
66
What is the remainder when 221722 is divided by 482?
2
Calculate the remainder when 202037 is divided by 226.
219
What is the remainder when 395308 is divided by 1092?
4
Calculate the remainder when 2998 is divided by 64.
54
Calculate the remainder when 19200 is divided by 5998.
1206
Calculate the remainder when 3415 is divided by 2740.
675
Calculate the remainder when 2840 is divided by 2789.
51
What is the remainder when 42940 is divided by 219?
16
Calculate the remainder when 65192 is divided by 5004.
140
Calculate the remainder when 8976 is divided by 23.
6
What is the remainder when 28790 is divided by 1251?
17
Calculate the remainder when 9077 is divided by 470.
147
What is the remainder when 165 is divided by 1?
0
Calculate the remainder when 2541654 is divided by 26.
24
Calculate the remainder when 59295 is divided by 68.
67
Calculate the remainder when 3406 is divided by 606.
376
What is the remainder when 918 is divided by 187?
170
Calculate the remainder when 90469 is divided by 116.
105
What is the remainder when 2003 is divided by 980?
43
Calculate the remainder when 347 is divided by 12.
11
Calculate the remainder when 42210 is divided by 196.
70
Calculate the remainder when 45250 is divided by 946.
788
Calculate the remainder when 618 is divided by 112.
58
What is the remainder when 229 is divided by 5?
4
What is the remainder when 46407 is divided by 15?
12
Calculate the remainder when 420318 is divided by 23.
16
Calculate the remainder when 351 is divided by 266.
85
Calculate the remainder when 6969 is divided by 892.
725
Calculate the remainder when 24920 is divided by 17.
15
Calculate the remainder when 1125 is divided by 449.
227
Calculate the remainder when 8183 is divided by 31.
30
Calculate the remainder when 593 is divided by 592.
1
What is the remainder when 93786 is divided by 415?
411
Calculate the remainder when 290221 is divided by 22.
19
Calculate the remainder when 64128 is divided by 530.
528
What 